Calculate q(3).
5
Let d(i) = -i**2 - 11*i + 29. What is d(-13)?
3
Let o(s) = -21*s - 244. What is o(-12)?
8
Let c(q) = -q**2 - 9*q + 9. Calculate c(-11).
-13
Let z(f) = f**3 + 11*f**2 + 11*f + 4. Calculate z(-10).
-6
Let d(o) = -o**2 + 18*o - 16. What is d(17)?
1
Let n(t) = 18*t + 88. Give n(-5).
-2
Let r(a) = -4*a**3 + 16*a**2 - 12*a + 8. Determine r(4).
-40
Let j(x) = -x - 3. Determine j(6).
-9
Let c(p) = 9*p**2 - 1. Give c(2).
35
Let d(u) = -u**3 - 12*u**2 + 19*u + 49. What is d(-13)?
-29
Let f(j) = -3*j**3 + 3*j**2 + 4*j - 7. What is f(2)?
-11
Let d(n) = 19*n + 30. What is d(-3)?
-27
Let n(b) = -2*b - 17. What is n(0)?
-17
Let p(a) = -2*a**2 - 3*a + 18. Calculate p(-6).
-36
Let u(z) = -5*z - 9. What is u(-4)?
11
Let z(v) = 6*v + 60. Give z(-10).
0
Let n(c) = -2*c**3 - 47*c**2 - 62*c + 88. Give n(-22).
0
Let w(n) = n**2 - 2*n - 1. What is w(3)?
2
Let g(m) = -m**2 - m + 36. Determine g(0).
36
Let j(o) = -2*o**3 + 10*o**2 + 3*o - 18. Calculate j(5).
-3
Let h(y) = -18*y - 8. Determine h(0).
-8
Let u(q) = 4*q + 75. Determine u(-18).
3
Let v(n) = 9*n**2 - 4*n + 4. Calculate v(1).
9
Let g(f) = -5*f - 14. Determine g(11).
-69
Let o(h) = 3*h + 38. Determine o(-8).
14
Let w(g) = 8*g**3 + 2*g**2 + g. What is w(-1)?
-7
Let j(n) = n**3 - n**2 + n - 2. Determine j(2).
4
Let v(t) = -4*t**2 + 2*t + 2. Determine v(-2).
-18
Let w(n) = -n**3 + 9*n**2 + n - 7. Calculate w(9).
2
Let p(j) = j**3 + 9*j**2 + 18*j - 4. Determine p(-6).
-4
Let k(p) = p**3 + 11*p**2 + 9*p + 20. Determine k(-11).
-79
Let t(r) = -r**3 + 14*r**2 + 3*r - 24. Calculate t(14).
18
Let w(a) = -2*a**2 - a + 2. What is w(1)?
-1
Let d(c) = 21*c + 1. Calculate d(1).
22
Let z(r) = r**2 - 7*r - 28. What is z(9)?
-10
Let g(b) = -b**3 + 10*b**2 + 3*b - 23. Determine g(10).
7
Let m(s) = -4*s + 75. What is m(16)?
11
Let i(m) = m**2 - 12*m - 24. Give i(-8).
136
Let j(m) = -m**2 + 10*m + 83. What is j(16)?
-13
Let i(a) = a**3 - 12*a**2 + 10*a + 2. What is i(11)?
-9
Let p(x) = -19*x**3. Calculate p(-1).
19
Let a(k) = -8*k**2 - 147*k - 55. Give a(-18).
-1
Let x(w) = 2*w**2 + 21*w + 5. Determine x(-10).
-5
Let h(r) = 8*r + 40. Give h(-6).
-8
Let d(v) = v**3 + 24*v**2 + 45*v + 75. What is d(-22)?
53
Let w(c) = 2*c + 25. Calculate w(-17).
-9
Let q(d) = -2*d**2 - 16*d - 14. Give q(-10).
-54
Let w(k) = k**3 + 6*k**2 - 6*k + 19. Give w(-7).
12
Let m(i) = 16*i**2 - 9*i - 12. Calculate m(-2).
70
Let h(k) = 2*k**3 + 77*k**2 + 38*k + 3. Give h(-38).
3
Let x(n) = -n**3 + 7*n**2 - 7*n - 1. Determine x(5).
14
Let q(x) = 6*x**2 - 4*x - 6. Determine q(-3).
60
Let r(z) = -z - 21. Calculate r(-7).
-14
Let k(n) = 2*n**3 - 30*n**2 + 31*n - 40. Determine k(14).
2
Let z(p) = p**2 + 1. Determine z(1).
2
Let k(q) = q**2 - 4*q + 1. Give k(7).
22
Let q(c) = 3*c**2 - 11*c - 7. What is q(6)?
35
Let o(b) = b**3 - 20*b**2 - 22*b + 25. Give o(21).
4
Let g(m) = -5*m**2 + 3*m. Give g(2).
-14
Let p(h) = h**3 + 10*h**2 - 24*h + 8. Give p(-12).
8
Let c(j) = 17*j - 347. Calculate c(21).
10
Let r(n) = 16*n - 13. Calculate r(2).
19
Let z(o) = -3*o + 6. Give z(4).
-6
Let c(r) = 2*r**2 - 16*r - 114. What is c(14)?
54
Let c(x) = -x**2 - 4*x + 10. Determine c(-5).
5
Let w(j) = -15*j**2. What is w(1)?
-15
Let h(n) = n**3 + 6*n**2 - 9*n - 6. Determine h(-7).
8
Let k(p) = -p**3 - 8*p**2 + 8*p - 2. Determine k(-9).
7
Let m(i) = 37*i**2 - 107*i + 4. What is m(3)?
16
Let p(y) = -y**2 - 13*y - 26. What is p(-2)?
-4
Let t(j) = 50*j + 1. What is t(-1)?
-49
Let d(p) = -p - 15. Determine d(0).
-15
Let x(m) = 2*m**3 - 14*m**2 - 4*m + 7. Calculate x(7).
-21
Let i(s) = -s**3 + 5*s**2 - 2*s - 2. Give i(3).
10
Let x(z) = -5*z**2 - 34*z + 55. Calculate x(-8).
7
Let f(v) = -v - 3. What is f(0)?
-3
Let b(i) = i**3 - 3*i**2 - 4*i + 2. Give b(-3).
-40
Let b(z) = z**3 + 13*z**2 - 18*z - 44. Give b(-14).
12
Let c(r) = -3*r + 7. Determine c(6).
-11
Let z(b) = 7*b + 94. Give z(-12).
10
Let a(i) = -63*i + 443. Give a(7).
2
Let p(v) = -v**3 - 5*v**2 - 4*v + 6. Calculate p(-4).
6
Let i(z) = z + 39. What is i(-38)?
1
Let z(j) = 5*j + 7. Calculate z(-4).
-13
Let k(a) = 3*a - 22. Determine k(25).
53
Let v(h) = 11*h**3 - 6*h**2 + 7*h - 1. Determine v(1).
11
Let y(d) = -d**3 + 5*d**2 - d + 4. What is y(6)?
-38
Let y(f) = f**2 - 28*f - 121. Determine y(-4).
7
Let y(d) = -6*d - 63. Determine y(-5).
-33
Let t(s) = -2*s + 5. What is t(-11)?
27
Let o(h) = 2*h**3 + 19*h**2 - 11*h + 1. Calculate o(-10).
11
Let w(d) = 3*d**2 - 6*d + 5. Determine w(5).
50
Let q(j) = j + 29. What is q(-32)?
-3
Let m(x) = -4*x + 30. What is m(20)?
-50
Let z(a) = a**3 + 6*a**2 + 15*a + 6. What is z(-4)?
-22
Let t(c) = c**3 + 7*c**2 - 2*c - 8. Calculate t(-7).
6
Let g(b) = b + 11. Determine g(-5).
6
Let r(l) = -2*l**2 - 3*l + 1. Determine r(-2).
-1
Let c(w) = -44*w - 184. Give c(-4).
-8
Let f(b) = b**2 + 4*b - 13. What is f(-6)?
-1
Let i(z) = 3*z**2 - 19*z + 57. Determine i(4).
29
Let a(h) = h**3 + 6*h**2 + 4*h + 6. Calculate a(-6).
-18
Let h(f) = 8*f**3 + 6*f**2 + 8*f + 3. What is h(-1)?
-7
Let c(v) = 8*v - 1. Calculate c(2).
15
Let v(p) = 5*p + 157. Calculate v(-26).
27
Let j(u) = 12*u - 1. Give j(5).
59
Let h(c) = -c**3 - 8*c**2 - 3*c - 58. What is h(-8)?
-34
Let j(f) = f**2 + 26*f + 66. Determine j(-24).
18
Let i(j) = -2*j**2 + 3*j + 35. What is i(-5)?
-30
Let p(i) = i**2 - 11*i + 13. Give p(5).
-17
Let d(s) = -s**3 + 9*s**2 - s + 8. Give d(9).
-1
Let b(l) = 5*l**2 - 8*l - 1. What is b(3)?
20
Let f(q) = -2*q**2 + 14*q + 8. What is f(8)?
-8
Let x(a) = 2*a**3 + 8*a**2 - 3*a - 13. Give x(-3).
14
Let d(o) = -4*o**3 + 5*o**2 - 6*o + 3. Calculate d(3).
-78
Let r(a) = -2*a - 7. Give r(3).
-13
Let w(f) = f**2 + 29*f - 125. Determine w(-33).
7
Let g(j) = -3*j**2 + 27*j + 2. Give g(13).
-154
Let u(s) = 6*s - 8. Give u(4).
16
Let m(w) = w**2 - 7*w + 10. Give m(7).
10
Let h(g) = g**2 - 18*g + 50. Calculate h(15).
5
Let k(t) = -16*t - 12. What is k(4)?
-76
Let u(c) = c - 11. Determine u(5).
-6
Let o(m) = m**3 - m**2 + 2*m - 192. What is o(0)?
-192
Let k(v) = 4*v - 122. Determine k(32).
6
Let z(y) = y**2 + 8. Calculate z(0).
8
Let y(n) = 2*n**3 + 5*n**2 - 10*n. Determine y(-5).
-75
Let d(r) = -r**3 + 6*r**2 + 4*r - 23. Give d(6).
1
Let n(a) = -a**3 - a**2 - a - 8. Determine n(0).
-8
Let y(s) = 5*s**2 - 6*s + 4. Give y(2).
12
Let l(b) = -b**2 + 9*b + 12. Determine l(11).
-10
Let c(i) = -2*i**2 - 67*i + 27. Calculate c(-34).
-7
Let v(w) = -13*w - 29. Determine v(-3).
10
Let l(i) = -i**2 + 22. Calculate l(0).
22
Let y(o) = -4*o**2 - 3*o. Determine y(-2).
-10
Let f(l) = l**3 - 18*l**2 + 19*l - 41. Give f(17).
-7
Let l(r) = -r**3 + 4*r**2 - 13. What is l(3)?
-4
Let s(f) = -73*f**2 + f - 1. Determine s(1).
-73
Let o(l) = -l**3 + 4*l**2 + 2*l - 2. Give o(4).
6
Let o(x) = 51*x - 3. What is o(2)?
99
Let t(n) = -5*n + 6. Determine t(4).
-14
Let x(j) = -2*j**2 + 9*j - 37. What is x(6)?
-55
Let u(l) = l**2 + 16*l + 52. Give u(-12).
4
Let m(c) = -2*c**2 + 57*c + 18. What is m(29)?
-11
Let l(u) = u**3 + 14*u**2 + 7*u - 93. Give l(-13).
-15
Let o(i) = i**2 - 14*i - 19. Determine o(15).
-4
Let o(s) = -s**3 - 8*s**2 - 2*s + 4. Determine o(-7).
-31
Let a(n) = n**2 + n - 60. Calculate a(-8).
-4
Let d(q) = 34*q + 321. Calculate d(-9).
15
Let c(x) = x - 24. Give c(-14).
-38
Let a(m) = -m**3 - 6*m**2 + 66*m + 400. Determine a(-8).
0
Let l(v) = -v**3 - 15*v**2 - 14*v - 16. Determine l(-14).
-16
Let c(t) = -13*t - 2. Determine c(-2).
24
Let z(a) = -76*a**3 + a**2 + 2*a - 2. Determine z(1).
-75
Let m(t) = t**3 - 7*t**2 - 4*t - 27. Calculate m(8).
5
Let g(k) = 5*k + 89. Calculate g(-16).
9
Let r(f) = f**3 - 34*f**2 - 73*f + 58. Determine r(36).
22
Let t(s) = s**2 + 7*s - 4. Calculate t(-9).
14
Let h(j) = -j**2 + 4*j + 25. Determine h(7).
4
Let z(o) = -35*o**3 + o**2 - 8*o + 7. What is z(1)?
-35
Let g(v) = -v**3 + v**2 + 18*v - 3. Give g(-4).
5
Let z(d) = -d - 6. What is z(-8)?
2
Let a(i) = i**3 + 7*i**2 + 10*i - 5. Give a(-4).
3
Let w(x) = -x**2 - 20*x + 23. Give w(-15).
98
Let s(p) = -9*p - 2. Calculate s(0).
-2
Let g(b) = -8*b. What is g(-7)?
56
Let t(o) = -o**3 + 13*o**2 - 11*o - 10. What is t(12)?
2
Let v(q) = -q**2 + 17*q + 58. Calculate v(20).
-2
Let j(d) = d**3 - 18*d**2 - 17*d - 28. Determine j(19).
10
Let l(r) = -r**3 + r**2 - r. Give l(1).
-1
Let g(o) = o**3 + o**2 - 10*o - 10. Give g(-3).
2
Let g(l) = 49*l**3 - l**2 - l. Give 